
10020110 (base 3) to base 7
6612
Convert 11241 (base 8) to base 9.
6478
Convert 4141 (base 7) to base 10.
1450
What is 791 (base 14) in base 11?
1143
What is 91b5 (base 14) in base 11?
17904
-1111010011 (base 2) to base 15
-454
46410 (base 9) to base 5
1442301
-10402 (base 7) to base 16
-a27
Convert -683 (base 12) to base 14.
-4cb
What is 62a2 (base 13) in base 5?
414102
What is 6194 (base 10) in base 15?
1c7e
Convert -20012110 (base 3) to base 2.
-1000110101001
-9751 (base 12) to base 5
-1012441
150 (base 13) to base 7
453
Convert 444 (base 15) to base 10.
964
What is 603a (base 15) in base 11?
1428a
What is 2224 (base 5) in base 8?
472
Convert -2170 (base 9) to base 8.
-3102
What is 96 (base 14) in base 5?
1012
What is -145510 (base 6) in base 14?
-5282
-c63 (base 16) to base 14
-1227
What is 2405 (base 12) in base 4?
333011
Convert -a36 (base 13) to base 11.
-1338
68857 (base 9) to base 10
45898
Convert 2223 (base 11) to base 7.
11353
11a (base 12) to base 16
a6
Convert 110220220 (base 3) to base 6.
111340
4424 (base 16) to base 5
1024234
Convert 6e2 (base 15) to base 12.
aa2
-3443 (base 5) to base 12
-356
What is 16095 (base 14) in base 7?
316245
12a (base 13) to base 8
315
184 (base 12) to base 5
1434
Convert -24605 (base 8) to base 3.
-112120200
-9861 (base 11) to base 10
-13014
622b (base 14) to base 12
993b
Convert -1e (base 16) to base 7.
-42
Convert -373 (base 8) to base 6.
-1055
432 (base 14) to base 15
3a3
-16645 (base 13) to base 15
-ca44
11100010010 (base 2) to base 7
5164
What is -10011011000010 (base 2) in base 9?
-14544
-1035 (base 8) to base 7
-1402
What is 201 (base 8) in base 11?
108
What is b20 (base 14) in base 5?
32214
-8c (base 15) to base 12
-b0
Convert -589a (base 12) to base 5.
-304120
Convert 466 (base 11) to base 5.
4211
-11533 (base 13) to base 11
-21859
What is -50313 (base 8) in base 5?
-1130213
Convert -7174 (base 14) to base 13.
-8b56
7a7 (base 11) to base 2
1111000100
What is -795 (base 15) in base 13?
-a1c
What is -12123 (base 4) in base 16?
-19b
What is -4aad (base 15) in base 7?
-64252
111261 (base 8) to base 11
2623a
-1010221122 (base 3) to base 9
-33848
Convert 1693 (base 12) to base 2.
101010001111
-28f (base 16) to base 15
-2da
Convert -33 (base 12) to base 10.
-39
Convert -aa0 (base 14) to base 7.
-6060
10110220 (base 3) to base 10
2535
What is 363 (base 14) in base 5?
10200
798 (base 10) to base 2
1100011110
Convert -334 (base 8) to base 10.
-220
-b17 (base 16) to base 12
-1787
Convert 555132 (base 6) to base 15.
db9b
Convert 1a1 (base 15) to base 10.
376
What is 1110110101100 (base 2) in base 14?
2aa8
Convert 21143 (base 5) to base 15.
64d
-22011 (base 5) to base 10
-1506
What is -686 (base 13) in base 2?
-10001100100
What is -275 (base 11) in base 8?
-504
Convert -940c (base 14) to base 5.
-1303432
-5274 (base 9) to base 4
-330202
What is 322 (base 11) in base 15?
1ac
339 (base 10) to base 9
416
What is -9d6 (base 16) in base 2?
-100111010110
-1b6b (base 12) to base 2
-110101000011
Convert 2173 (base 8) to base 4.
101323
What is -1356 (base 8) in base 12?
-526
2a4 (base 14) to base 5
4121
Convert 1e36 (base 15) to base 7.
25113
-15551 (base 6) to base 8
-5033
What is -116805 (base 9) in base 3?
-10120220012
Convert -2051 (base 6) to base 3.
-122011
1164 (base 8) to base 11
521
-4014 (base 8) to base 13
-c26
What is -1211 (base 8) in base 4?
-22021
Convert -1614 (base 12) to base 15.
-b8d
-23305 (base 10) to base 2
-101101100001001
Convert -741 (base 9) to base 11.
-4aa
-1b9 (base 14) to base 2
-101100111
Convert -5f0 (base 16) to base 6.
-11012
What is 50 (base 16) in base 14?
5a
-1000010001101100 (base 2) to base 6
-420540
What is -1588 (base 12) in base 7?
-10304
11000011 (base 2) to base 6
523
What is 44565 (base 8) in base 2?
100100101110101
-4223 (base 7) to base 6
-10515
Convert 1244 (base 11) to base 13.
979
What is -20104 (base 5) in base 14?
-675
What is -a8 (base 12) in base 8?
-200
Convert 31052 (base 8) to base 2.
11001000101010
-1331320 (base 5) to base 4
-12213031
-1034 (base 8) to base 3
-202000
Convert -187 (base 14) to base 9.
-380
What is 168c (base 13) in base 10?
3327
What is -1410 (base 6) in base 8?
-556
-1d0 (base 16) to base 9
-565
Convert -511 (base 8) to base 6.
-1305
Convert 1010101010110 (base 2) to base 7.
21632
Convert 1001001 (base 2) to base 9.
81
-143031 (base 5) to base 4
-1132000
What is -556 (base 8) in base 9?
-446
-32d (base 16) to base 14
-421
10 (base 9) to base 14
9
Convert -10868 (base 12) to base 5.
-1200333
What is 2464 (base 7) in base 4?
32200
What is 4c2 (base 14) in base 10?
954
Convert bb (base 16) to base 9.
227
-21338 (base 9) to base 3
-201101022
Convert c0c (base 13) to base 11.
1595
110241 (base 5) to base 15
11eb
What is 16375 (base 8) in base 5?
214141
Convert 2102 (base 4) to base 6.
402
-2021 (base 4) to base 3
-12002
Convert -370 (base 13) to base 11.
-4a4
What is -12213 (base 4) in base 3?
-120200
What is 673 (base 8) in base 3?
121102
Convert -165 (base 9) to base 2.
-10001100
What is 2601 (base 8) in base 4?
112001
What is -10000010 (base 2) in base 16?
-82
Convert -1002331 (base 4) to base 2.
-1000010111101
454 (base 11) to base 15
263
What is 3084 (base 9) in base 15?
a0d
What is -1a4 (base 16) in base 6?
-1540
What is 180 (base 14) in base 16?
134
Convert -147 (base 9) to base 5.
-444
Convert -22201 (base 3) to base 14.
-12b
Convert cc23 (base 14) to base 15.
a6e1
1124 (base 6) to base 5
2033
What is -223544 (base 6) in base 13?
-8857
Convert 41123 (base 5) to base 10.
2663
Convert 261 (base 14) to base 5.
3402
Convert -13022 (base 5) to base 15.
-477
Convert -e7a (base 15) to base 13.
-1642
What is -2003 (base 5) in base 2?
-11111101
Convert 7b6 (base 12) to base 10.
1146
2132020 (base 4) to base 7
41335
Convert 33 (base 10) to base 12.
29
-315 (base 10) to base 11
-267
What is 4e3 (base 15) in base 4?
101121
Convert -10010010000101 (base 2) to base 4.
-2102011
What is -10a17 (base 13) in base 2?
-111011000111111
Convert 111000001 (base 2) to base 12.
315
100001001100110 (base 2) to base 3
212022120
What is 140433 (base 5) in base 15?
1a7d
What is 25147 (base 8) in base 6?
122131
Convert -3209 (base 12) to base 9.
-7460
Convert 21010 (base 4) to base 16.
244
What is e (base 15) in base 7?
20
What is -1376 (base 9) in base 14?
-545
20b55 (base 12) to base 9
65132
What is 2110303 (base 4) in base 6?
112031
Convert 2a206 (base 11) to base 15.
ca60
What is 3cb (base 16) in base 14?
4d5
What is -2203 (base 6) in base 8?
-773
What is -100020011 (base 3) in base 9?
-10204
What is 1132 (base 4) in base 3?
10111
What is 10111011010 (base 2) in base 9?
2044
Convert 1371 (base 8) to base 4.
23321
What is -1411 (base 7) in base 5?
-4142
Convert 432013 (base 5) to base 7.
60443
What is 13103 (base 6) in base 15?
8c3
2889 (base 12) to base 7
16512
Convert 1232320 (base 4) to base 3.
100201211
Convert -101054 (base 6) to base 5.
-224101
11115 (base 14) to base 15
c3d5
Convert 413 (base 12) to base 9.
726
Convert -2c83 (base 16) to base 10.
-11395
Convert 10301 (base 5) to base 15.
31b
-120434 (base 6) to base 13
-4a44
22299 (base 12) to base 2
1011000100010101
-332003 (base 4) to base 5
-111341
Convert -1879 (base 11) to base 13.
-1116
What is 11221 (base 7) in base 6?
21121
Convert 3001311 (base 4) to base 9.
18013
Convert -24c4 (base 15) to base 3.
-101202011
What is -2058 (base 13) in base 3?
-20010110
477 (base 12) to base 4
22123
22220 (base 9) to base 14
5544
What is -115b (base 13) in base 8?
-4612
Convert -2a9c (base 14) to base 9.
-11358
What is 1819 (base 11) in base 2?
100100001111
-20241 (base 5) to base 15
-5d1
What is 3774 (base 8) in base 10?
2044
-652 (base 9) to base 2
-1000010101
Convert -16114 (base 10) to base 6.
-202334
What is 1212012 (base 3) in base 8?
2513
-2640 (base 8) to base 11
-109a
Convert -132311 (base 5) to base 7.
-21354
13251 (base 6) to base 13
c16
What is -231200 (base 5) in base 7?
-33125
-100101000100 (base 2) to base 12
-1458
3233 (base 5) to base 3
121102
-1011111000 (base 2) to base 10
-760
-5310 (base 6) to base 9
-1566
Convert -1130 (base 8) to base 6.
-2440
Convert -1111110011000 (base 2) to base 6.
-101240
112200221 (base 3) to base 12
6251
35447 (base 8) to base 16
3b27
Convert -2242 (base 9) to 